ppose -162 = -4*o - c, 5*o - 4*o - 51 = 5*c. Let d(s) = -2*s**3 + 81*s**2 + 47*s - 25. Let i be d(o). Calculate the greatest common divisor of i and 17.
17
Suppose -5*o + 0*o + 2080 = 0. Let k be 11/(99/(-78))*-3. What is the greatest common divisor of k and o?
26
Let b(u) = 64*u**2 - 739*u - 49. Let d be b(13). What is the highest common factor of 2088 and d?
232
Let v = -53 + 110. Suppose 0 = 3*c + 5*p + 713, -1181 = 5*c + 4*p - 3*p. Let q be c/(-12) - (-8)/(-12). What is the greatest common divisor of q and v?
19
Suppose -5*j - 1 + 21 = 0. Suppose 5*o + j*l = 117, -o + 17 - 2 = 5*l. Suppose 3*b = 1 + 29. Calculate the highest common divisor of o and b.
5
Suppose 4*w + 20 = -4*u, 0*w - 10 = -4*u + 2*w. Suppose u = -4*o + 8*o - 20. Let n be 62/10 - o/25. What is the highest common divisor of 18 and n?
6
Let i be (-4)/((-16)/(-12978))*(-72)/(-756)*-21. Calculate the highest common divisor of i and 27.
9
Suppose -o - 292 = 3*m - 319, 3*m = 5*o - 207. Calculate the highest common factor of o and 3081.
39
Let a = -34709 - -35774. Calculate the highest common factor of a and 65.
5
Let a = 528 - 526. Suppose -a*z + 81 + 74 = -5*k, k - 347 = -5*z. What is the highest common divisor of 630 and z?
70
Let l be 219/54 + 14/(-252). Calculate the highest common divisor of 46 and l.
2
Suppose -8*n = 111 - 199. Calculate the highest common factor of n and 31.
1
Let o(l) = 850*l + 659. Let b be o(79). Calculate the highest common divisor of 21 and b.
21
Let s(k) = 1 - 13*k**2 + 13*k**2 - 18*k**2 + k**3 - 18*k + 7. Let x be s(19). Suppose h + x = 4*h. Calculate the highest common divisor of 18 and h.
9
Suppose 2485 = 4*w - 3*h, 2*w + 3*h = 2*h + 1225. Calculate the greatest common divisor of 352 and w.
88
Suppose 9*h = -3*x + 4*h + 106, -4*h - 56 = -2*x. Suppose -37898 = -x*w - 13098. Calculate the greatest common factor of w and 25.
25
Suppose 456*v - 19845 = 463*v. Let d be 14/2*v/(-35). What is the greatest common divisor of 21 and d?
21
Let c(s) = s**2 + 199*s + 8716. Let x be c(-65). Let n(r) = 4*r**3 + 4*r**2 - 4*r + 2. Let p be n(5). Calculate the greatest common divisor of p and x.
6
Suppose -5*t + 10*z + 1719 = 11*z, 0 = 3*t - 2*z - 1021. Let m = -332 + t. Calculate the highest common divisor of m and 176.
11
Let q be (450/(-8))/(43/(-172)). What is the highest common divisor of 135 and q?
45
Suppose 30*i + 33*i - 92*i + 112491 = 0. Calculate the greatest common divisor of i and 144.
9
Suppose -v + 221 = 4*i, -142*v = i - 138*v - 74. What is the highest common factor of i and 1908?
18
Let t = 5985 - 5961. Calculate the highest common factor of t and 6712.
8
Let t(u) = u**3 - 18*u**2 + 52*u - 279. Let x be t(17). Calculate the greatest common factor of x and 32.
4
Let a be -2*(-2)/((-16)/(-12)) + -143. Let m be (-5 - -3)/(-3 + a/(-48)). Calculate the highest common factor of m and 288.
24
Suppose 91 = -31*d + 928. What is the highest common factor of 5373 and d?
27
Let t be (8 - (-56)/(-4))*407/(-3). Let c = t + -574. What is the highest common factor of 30 and c?
30
Let r be 5/(-2) + 20/(-40). Let j be 2 - -2 - 63/r. Let g(z) = z**2 - 14*z - 280. Let d be g(30). What is the highest common factor of d and j?
25
Suppose 64*y = -61*y + 10667 + 21958. What is the highest common factor of 396 and y?
9
Let t(m) = 5*m**2 - 5*m + 4. Let u be t(2). Let p = 16 - 4. Suppose -16 = -f + p. Calculate the highest common factor of u and f.
14
Let m(y) = 2*y - 17. Let f = 64 + -54. Let a be m(f). Suppose -3*q = -4*b - 50, -a*q + 5*b = -6*q + 86. What is the highest common divisor of 66 and q?
22
Let b = 6222 - 6214. What is the greatest common divisor of 956 and b?
4
Suppose -28 = -8*f + f. Let r be (-19034)/(-527) + (-1)/(34/f). Calculate the greatest common divisor of 486 and r.
18
Let o(f) = 165*f**3 - f**2 + 3*f - 11. Let d be o(2). Calculate the highest common divisor of d and 57.
57
Suppose -530*w + 8294 = -387*w. Suppose 3 = 5*k - 7. What is the highest common factor of k and w?
2
Suppose -6*v + 119 + 361 = 0. Let x = v - 76. Suppose 3*j = c + 1, -c - 4*j + 2*j = -x. What is the highest common factor of c and 22?
2
Let u = 70 + -30. Suppose 0 = -3*t - 5*d - 2, 5*t - 14 = 3*d - u. Let i be ((-100)/(-75))/(t/(-90)). Calculate the greatest common divisor of i and 10.
10
Let y(i) = i**2 - 18*i + 319. Let j be y(41). Suppose 5*k - 4*z - j = -z, -4*k + 1015 = 3*z. What is the highest common divisor of k and 46?
23
Suppose 45*l = -2*l + 1927. Suppose 5*h - g - 4460 = 0, 43*g - l*g - 1772 = -2*h. Calculate the highest common factor of h and 11.
11
Let l = 237 - 209. Let p(g) = -2*g**2 + 57*g - 2. Let q be p(l). Calculate the highest common factor of q and 143.
13
Suppose 5*f - s - 605 = 2245, -4*f = -s - 2281. Let g = 625 - f. Calculate the greatest common divisor of 504 and g.
56
Let r(m) be the second derivative of -6*m**3 - 27*m**2/2 - 137*m. Let v be r(-1). What is the greatest common factor of 171 and v?
9
Suppose 2*y = -45*y + 94. Let r(m) = 3*m**2 - 3*m - 2. Let d be r(-2). Suppose 74 = y*l - d. Calculate the greatest common divisor of 180 and l.
45
Let t = 6 + -3. Let m(z) = -z**3 + 4*z**2 - 2*z - 2. Let g be m(t). Let s = -3 - -4. Calculate the highest common factor of s and g.
1
Let v be 176/18 + 606/54 + -11. Let p be (4 + 12)/(4/v). What is the greatest common factor of 30 and p?
10
Suppose -5*x - 1039 + 13814 = -5*o, 12747 = 5*x + 9*o. Calculate the greatest common factor of 12 and x.
3
Let f(c) be the first derivative of -c**2/2 + 25*c - 53. Let w be f(5). What is the greatest common divisor of w and 50?
10
Suppose 0 = 6505*c - 6507*c + 4. Let r(y) = -13*y**3 - 2*y - 1. Suppose -1 + 4 = -3*i. Let b be r(i). Calculate the greatest common divisor of c and b.
2
Suppose -5 = 8*o - 85. Let g be (-2)/(-5)*(90 + o). Calculate the greatest common divisor of g and 25.
5
Let j(g) = -283*g + 176. Let f be j(-2). Let m(s) = -6*s - 94. Let k be m(-18). What is the highest common divisor of f and k?
14
Let j be (-29848)/16*4/(-1). Suppose 12*z + j = 25*z. Calculate the greatest common factor of 14 and z.
14
Suppose -69*d - 60*d + 14964 = 0. Calculate the highest common divisor of d and 4.
4
Suppose 0 = -11*g - 968 + 1815. Calculate the greatest common factor of 4543 and g.
77
Let a(f) = -2*f - 13. Let p be a(-12). Suppose 36 = c + p*c. Suppose 24 = 6*y - c*y. What is the highest common divisor of y and 64?
8
Suppose 38 = -t + 3*g - 36, 2*g + 84 = -t. Let a = t + 155. Calculate the greatest common divisor of a and 3.
3
Let s = 10938 + -2688. Calculate the greatest common divisor of s and 220.
110
Let j = 39 + -32. Let s(x) = x**3 - 6*x**2 - 5*x - 13. Let z be s(j). Calculate the greatest common factor of 43 and z.
1
Let i = 90 - 81. Suppose 3 = 6*d - i*d. Let a be (14 - 1/d) + -3. Calculate the greatest common divisor of 18 and a.
6
Let l be (-4*(-2)/8 - 2)*-6. Suppose 11*v - l*v = 125. Suppose -g - 5*a - v = -5*g, 4*g - 46 = -2*a. Calculate the greatest common factor of g and 15.
5
Let z = -17341 - -17418. What is the highest common divisor of z and 17787?
77
Suppose g = 4*j - 1221, -10*g = -5*j - 15*g + 1545. What is the highest common divisor of 6 and j?
6
Let r(s) = -41*s - 4. Let y be r(1). Let z = -24 - y. Let i be (z*2)/(-3*1/(-9)). Calculate the highest common divisor of 14 and i.
14
Let j = 9 - 2. Let c be 3/((-126)/(-12)) + 54/j. Let v be (-2 - -7) + 720/c. What is the greatest common divisor of 38 and v?
19
Let h(z) be the second derivative of -1/6*z**3 + 17*z**2 + 0 + 27*z. Let s be h(-11). Calculate the greatest common factor of 15 and s.
15
Let y be 20/(-4) + ((-34)/(-68))/((-1)/(-14508)). What is the greatest common divisor of y and 11?
11
Suppose -3*f + 5*j = -5*f + 744, f - 3*j = 405. Let b = -65 + 108. What is the greatest common factor of f and b?
43
Suppose 0 = -c - 0*c + 5*l - 77, l + 203 = -4*c. Let v = c - -57. Suppose -k + v*k - 64 = 0. Calculate the greatest common factor of k and 48.
16
Let g = -886 + 1677. Suppose -4*v = -5*o - g + 187, 4*v = -3*o + 572. Let i = v + -96. What is the greatest common factor of i and 10?
10
Suppose -4*n + 3*n = -0*n. Suppose -2*x - 5*u + 2*u + 85 = n, x = 4*u + 26. Calculate the highest common divisor of 95 and x.
19
Suppose -74*t + 6440 = 75*t - 23509. Suppose 0 = 21*b - 16*b - 335. Calculate the greatest 